= u + 8, -h*u = -4*b + 4. What is the units digit of ((-20)/u)/(8/60)?
5
Let s(z) = 28*z - 3. Let y be s(2). Let l = -30 + y. What is the units digit of l?
3
Suppose -4*c + 2*c = 6. What is the tens digit of 38*c/6*-1 + -2?
1
Suppose -63*x - 891 = -66*x. What is the units digit of x?
7
Let c(l) = -4 + 1269*l - 635*l - 640*l. Let y(w) = w**3 - w**2 - 2*w - 2. Let i be y(-2). What is the tens digit of c(i)?
5
Let l = 299 + -106. What is the hundreds digit of l?
1
Suppose 2*o - 1507 = -5*v, -v + 94 = o - 208. What is the tens digit of v - ((-7 - -2) + 4) - -4?
0
Suppose 4*a - 3933 = -5*a. What is the units digit of a?
7
Suppose -20*d - 4 = -16*d, 0 = -3*y + d + 3910. What is the units digit of y?
3
Suppose 3*f - 3 - 12 = 0. Suppose 3*l = -2*l - 345. What is the tens digit of l/(-3) + f + -2?
2
Suppose 9*j - 8*j = 5. Suppose -u = -4*o + 633, 664 + 125 = j*o - 2*u. What is the units digit of o?
9
Suppose -15*j = -18*j + 4053. What is the tens digit of j?
5
Let z(s) = -3*s**3 - 150*s**2 - 59*s - 105. What is the units digit of z(-50)?
5
Suppose -4*c - 787 = -2*j + j, j - c - 790 = 0. What is the hundreds digit of j?
7
What is the hundreds digit of (2/4)/(29/78300)?
3
Let s be (7 + -6)*-1 + 4 + 1. Suppose -453 = -s*q + 2*g + 69, -654 = -5*q + g. What is the units digit of q?
1
Let h(b) = -b**3 - 7*b**2 - 4*b + 11. Suppose 0 = -3*a + q - 15, -3*a - 33 = a + 3*q. Let y be h(a). What is the tens digit of (y - -1 - 0) + 38?
3
Let z(t) = -2*t + 3. Let b = -15 - -18. Let x be z(b). What is the units digit of (x - (-39 + -2)) + 2?
0
Let m(o) = 2*o - 1. Let f be m(13). Suppose -f = 5*z, -4*n + 0*z - 2 = 2*z. What is the tens digit of n/(-1*(-6)/69)?
2
Let w be (5 - 6 - -2) + 0. Suppose -i - 283 = -5*h, -10 + w = 3*i. What is the tens digit of h?
5
Suppose 3*o - 9*o = -1332. Let j = 311 - o. What is the tens digit of j?
8
Suppose 2 = -4*s - 6. Let v be (-11)/s - (-3)/6. Let r = v - 4. What is the units digit of r?
2
Let j = 746 - 108. What is the units digit of j?
8
Let z = 91 - -161. What is the units digit of z?
2
Suppose 5*h = 23*h - 10764. What is the units digit of h?
8
Suppose 0 = -24*v + 20516 + 2740. What is the hundreds digit of v?
9
Let d = -524 - -882. What is the units digit of d?
8
Let d = -132 - -276. Let s = d + -76. What is the units digit of s?
8
Let p(m) = 94*m + 21. What is the hundreds digit of p(34)?
2
Let q(n) = -13*n**2 - n - 3. Suppose 3 = -w + 2*w. Let u be q(w). Let k = u - -177. What is the units digit of k?
4
What is the thousands digit of (-32946)/(-18) + 4 - 2/(-3)?
1
Let k(p) = -p**2 - 8*p - 8. Let w be k(-6). Suppose 4*d - 86 = -2*t, w*t + d = -d + 184. What is the units digit of t?
7
Let q(l) = 16*l**2 - 17*l - 96. What is the hundreds digit of q(12)?
0
Let q(x) = 6*x - 6. Let w(y) = 5*y - 7. Let f(u) = 3*q(u) - 4*w(u). What is the units digit of f(4)?
2
Let o = 488 + 29. What is the units digit of o?
7
Let m = -211 - -788. What is the units digit of m?
7
Let h(f) be the third derivative of 2*f**2 + 0 - 1/12*f**4 + 0*f + 5/6*f**3. What is the units digit of h(-7)?
9
Suppose -r = -4*o + 20, 0*o - 3*o + r = -15. Suppose -o*j = -j + q - 31, q = -3*j + 23. Suppose 0 = -j*h + 403 + 133. What is the tens digit of h?
6
Let c(y) = 1 - 2*y**2 - 5*y - 2*y**2 + 1 + 5. Let a be c(-6). Let t = -60 - a. What is the tens digit of t?
4
Let d be (-2 - 1 - -2) + 4. Let q be d/1 - (0 - -1). Suppose 3*i = -s + 47, 43 = 5*i - q*i - s. What is the units digit of i?
5
Suppose -5*j - a = -2865, -3*a + 2068 = 4*j - 235. What is the hundreds digit of j?
5
Let i(f) be the second derivative of 3*f**3/2 - 9*f**2/2 + 3*f. Let w be i(11). Suppose 2*m = -3*m + w. What is the units digit of m?
8
Suppose 0*v = v - 2. Suppose 75 + 51 = v*r. What is the units digit of r?
3
Let f = -65 - -68. What is the units digit of -3*(0 + (-76)/f)?
6
Let l(w) = -2*w - 3. Let u = -7 - -5. Let k be l(u). What is the units digit of 7 - -6 - -1*k?
4
Let j be -2 + 1*(-17 + 3). Let v(o) = -o - 6. What is the units digit of v(j)?
0
Let u(n) = 2*n**2 + 8*n - 13. Let r be u(6). Suppose q + 2*a = 133, -r - 36 = -q - 4*a. What is the tens digit of q?
2
Let t(v) = v**3 + 9*v**2 + 3. Let r be t(-9). Let w be (1 - -2)*(-8)/(-6). Suppose -4*b + 56 = -r*n, -3*n + 34 - 2 = w*b. What is the units digit of b?
1
Let x(d) = 13*d**2 - 2*d - 3. Let z be x(-1). Suppose 4*w = 4*c + 232, 4*c - z = -4*w + 260. What is the tens digit of w?
6
Let h be 24*((-42)/(-8))/7. Suppose -h*g + 20*g - 310 = 0. Suppose -7*y = -2*y - g. What is the tens digit of y?
3
What is the hundreds digit of 18/((-18)/(-81) + 2028/(-9369))?
1
Let s = 3059 + -1882. What is the hundreds digit of s?
1
Let d = 2214 - 951. What is the hundreds digit of d?
2
Suppose 130*w + 1152 = 132*w. What is the units digit of w?
6
Suppose 4*q - 1772 = 1684. Suppose -w - 2*x + q = 4*w, 0 = -w + 5*x + 189. What is the units digit of w?
4
Let c be 7 - -1*(-3 - 0). Suppose -4*g = c*h - 560, 4*h - 570 = 4*g - 3*g. What is the units digit of h?
2
Suppose -3*b = -3*i - 4*b + 3154, b = -2*i + 2102. What is the hundreds digit of i?
0
Let d be (675/(-2))/(-9)*2. What is the tens digit of d/6*(-18)/(-9)?
2
Suppose 3*s - 35 = -n, 3*s - 5*n = 57 - 16. Let h(g) = -g**3 + 11*g**2 + 13*g - 10. What is the units digit of h(s)?
2
Suppose 212 - 1944 = -4*q. What is the units digit of q?
3
Suppose i + 1288 = 2*l + 2*l, -3*l - i + 973 = 0. What is the tens digit of l?
2
Suppose -9*f + 140 = -2*f. Suppose -10*j - 5*i - 77 = -11*j, 0 = -5*i - f. What is the tens digit of j?
5
Suppose -4*t - 2*d - 102 = -440, 0 = 5*d - 25. Let h = 233 - t. What is the hundreds digit of h?
1
Suppose 56 = 4*m + 2*a, -a + 21 + 19 = 3*m. Let u be m/(-36) - (-26)/(-3). What is the units digit of 6/u - 152/(-12)?
2
Let j(x) be the first derivative of 3/2*x**2 - 16/3*x**3 - 11 - 16*x + 1/4*x**4. What is the units digit of j(16)?
2
Let x(c) = -18*c - 3*c - 14*c + 10 - 7*c. What is the tens digit of x(-3)?
3
Let v = -3 + -12. Let b(n) = n**3 + 15*n**2 - 5*n + 10. What is the tens digit of b(v)?
8
Let v be (-16 - -18)*1*118. What is the units digit of -4 - (v/(-6) - (-18)/(-27))?
6
Suppose -1168 = -v + 5*f + 213, -v - 4*f + 1390 = 0. Suppose -3*d + v - 351 = 0. What is the units digit of d/9 + (-2)/6?
8
Suppose 3*k - 5*c = 14, -3*c + 2*c - 38 = -5*k. Suppose 0 = k*m - 5*m - 231. What is the units digit of m?
7
Suppose 30 - 10 = 5*g. Suppose -w = g*w - 200. What is the units digit of w?
0
Suppose 70 = 4*n - 94. Suppose -37*p + n*p = 720. What is the hundreds digit of p?
1
Let z(q) be the first derivative of q**3/3 - 4*q**2 + 12*q - 73. Suppose 5*f = -2*n + 40, n = -n + 3*f + 8. What is the tens digit of z(n)?
3
Let t be (-609)/(-63)*3*1. Suppose -t = -2*n + 281. What is the hundreds digit of n?
1
Let v = 81 - -212. Let z = v - 103. What is the hundreds digit of z?
1
Let f(b) = b**2. Let v(o) = -o**3 - 8*o**2 - 3*o - 4. Let j(l) = 5*f(l) + v(l). What is the units digit of j(-3)?
5
What is the thousands digit of (1207 - 20)*(3/1)/3?
1
Let w(t) = -6*t + 37. Let a be w(8). Let x(l) = -l**3 - 12*l**2 - 12*l + 29. What is the tens digit of x(a)?
4
Let q(r) = r**3 + 19*r**2 - 19*r + 22. Let w be q(-20). Suppose w*f - 120 = -f. What is the tens digit of f?
4
Let b(z) = -z**3 + 7*z**2 + z + 19. What is the units digit of b(7)?
6
Let o = 157 + 371. Suppose 2*y - 3*d - o = 0, d = -4*d + 10. What is the hundreds digit of y?
2
Let s(i) = i**2 - 4*i - 9. Suppose 4*q = q + 126. Suppose -7*a = -14 + q. What is the tens digit of s(a)?
2
Let a(l) = -l - 1. Let b be a(-3). Suppose 130 = b*p + 3*p. Suppose 0*m = -m + p. What is the tens digit of m?
2
Suppose 0 = -0*g - 5*g - 60. Let s(t) be the first derivative of -t**2/2 + 16*t - 90. What is the units digit of s(g)?
8
Let h(i) = i - 7. Let b be h(10). Suppose 0 = 2*j - b*j. What is the units digit of (1 + -33 + j)*-1?
2
Let t(f) = 16*f**2 + 19*f + 10. What is the units digit of t(-8)?
2
Let f = 2132 + -997. What is the thousands digit of f?
1
Let t be (-9)/((-51)/30 + 2). Let l be (-74)/(-6) + (-20)/t. Suppose 0 = 2*m - 3 - l. What is the units digit of m?
8
Let c(v) = 142*v - 32. What is the tens digit of c(5)?
7
Suppose -159 = -6*a + 3*a. Let w = 177 - a. What is the hundreds digit of w?
1
Let h = -397 + 2114. What is the tens digit of h?
1
Let s = -2202 - 